vert -102250 (base 8) to base 2.
-1000010010101000
Convert -442 (base 11) to base 8.
-1022
-11435 (base 6) to base 15
-76e
Convert b73 (base 13) to base 8.
3641
What is 433 (base 5) in base 3?
11101
What is 6794 (base 11) in base 4?
2023220
What is -2677 (base 8) in base 4?
-112333
Convert 110011011111 (base 2) to base 9.
4461
Convert 210312 (base 5) to base 8.
15455
21006 (base 7) to base 15
17d6
What is 701b (base 14) in base 3?
222101100
101122220 (base 3) to base 13
36cc
-1061 (base 7) to base 9
-468
Convert -6328 (base 9) to base 8.
-11043
Convert 211564 (base 7) to base 8.
107451
Convert 6584 (base 9) to base 4.
1023313
bf1 (base 16) to base 11
232a
Convert 8210 (base 12) to base 8.
33454
Convert -246 (base 14) to base 2.
-111000110
-1001110110 (base 2) to base 9
-770
2170 (base 14) to base 5
141112
Convert 24601 (base 8) to base 16.
2981
Convert -5724 (base 11) to base 13.
-3571
Convert 43104 (base 6) to base 10.
5872
What is 829 (base 14) in base 7?
4452
What is -1769 (base 10) in base 6?
-12105
What is 102100 (base 3) in base 13?
1a7
What is -1443 (base 5) in base 14?
-13a
What is 765 (base 8) in base 6?
2153
Convert -842b (base 14) to base 3.
-1011020112
-1a31 (base 11) to base 9
-3471
Convert -1172 (base 11) to base 9.
-2081
213633 (base 7) to base 4
21013302
What is 1ea (base 16) in base 4?
13222
16062 (base 7) to base 14
18d9
Convert -2383 (base 14) to base 15.
-1c7b
Convert -24334 (base 5) to base 13.
-abb
What is 388 (base 9) in base 8?
503
-8813 (base 9) to base 13
-2c55
What is -42236 (base 7) in base 12?
-603b
Convert -223a0 (base 11) to base 3.
-1122110122
What is -a5 (base 11) in base 15?
-7a
Convert 84 (base 10) to base 11.
77
What is -14 (base 14) in base 8?
-22
Convert -4243 (base 7) to base 13.
-8b6
Convert 6525 (base 16) to base 3.
1022112000
Convert 32110 (base 5) to base 6.
13551
What is 1c58 (base 15) in base 9?
8402
-19a (base 15) to base 4
-11302
Convert -3001103 (base 5) to base 16.
-b7b4
Convert -899 (base 15) to base 2.
-11110011000
Convert -100012 (base 3) to base 6.
-1052
100011 (base 3) to base 7
502
Convert 54541 (base 8) to base 13.
a551
135 (base 12) to base 4
2321
What is -100000111010111 (base 2) in base 13?
-7897
100100011110011 (base 2) to base 16
48f3
What is -c22 (base 14) in base 5?
-34012
-1100111 (base 2) to base 16
-67
What is -6a7 (base 14) in base 5?
-20243
What is 12c1 (base 14) in base 4?
303221
Convert 755 (base 8) to base 16.
1ed
Convert 1c3 (base 13) to base 7.
646
12212122 (base 3) to base 7
15326
210520 (base 7) to base 4
20312302
Convert -23000 (base 7) to base 10.
-5831
What is 51440 (base 7) in base 15?
3ad2
What is -2110112 (base 3) in base 6?
-12152
Convert 11111000100 (base 2) to base 3.
2201122
15536 (base 8) to base 4
1231132
61502 (base 7) to base 5
434441
What is -411343 (base 5) in base 10?
-13348
1001111110010011 (base 2) to base 14
10c5d
42 (base 13) to base 8
66
Convert -3513 (base 10) to base 8.
-6671
-5d17 (base 15) to base 6
-231434
What is 236 (base 14) in base 12?
308
100a (base 14) to base 2
101011000010
What is 704 (base 9) in base 6?
2351
What is -32343 (base 5) in base 9?
-3040
Convert 8a9d (base 15) to base 3.
1111022211
Convert -110022222 (base 3) to base 9.
-13288
-10010110100001 (base 2) to base 3
-111012210
What is -71 (base 14) in base 2?
-1100011
What is 532 (base 13) in base 7?
2404
-12460 (base 7) to base 4
-303331
What is -5049 (base 11) in base 13?
-3090
What is -d75 (base 14) in base 7?
-10505
Convert 11100 (base 2) to base 10.
28
4492 (base 11) to base 2
1011100010101
-31c (base 13) to base 6
-2244
What is -3ba (base 12) in base 8?
-1076
-25 (base 15) to base 16
-23
-53 (base 7) to base 14
-2a
13db (base 16) to base 3
20222021
What is -222102 (base 3) in base 12?
-4b5
Convert 10314 (base 7) to base 9.
3453
Convert -1a4a3 (base 11) to base 12.
-14630
-3b98 (base 12) to base 10
-6884
What is -ba86 (base 13) in base 5?
-1312332
Convert -201223 (base 4) to base 12.
-12b7
Convert -1738 (base 9) to base 8.
-2463
-18854 (base 9) to base 8
-31442
-1000211 (base 3) to base 10
-751
Convert 242b (base 13) to base 6.
35351
Convert 49e (base 15) to base 3.
1102212
What is 2000030 (base 4) in base 12?
48b8
Convert -212306 (base 7) to base 6.
-442342
-1652 (base 7) to base 11
-563
What is 209 (base 12) in base 8?
451
-10001000101 (base 2) to base 4
-101011
Convert -11246 (base 8) to base 5.
-123044
-11031 (base 4) to base 7
-654
What is 59c (base 15) in base 4?
103320
-1142 (base 6) to base 11
-233
What is -2429 (base 13) in base 15?
-17a5
What is 13a7 (base 11) in base 12?
106b
What is 199 (base 14) in base 11?
281
-425 (base 12) to base 7
-1523
Convert -1014223 (base 5) to base 8.
-40655
Convert -211 (base 4) to base 5.
-122
Convert -10ba (base 15) to base 14.
-1418
-1132332 (base 4) to base 9
-8303
1843 (base 9) to base 2
10110001000
210001 (base 3) to base 10
568
Convert 58480 (base 10) to base 15.
124da
Convert 100001010110 (base 2) to base 13.
c82
Convert 424334 (base 5) to base 4.
3200020
Convert -422012 (base 5) to base 7.
-55560
3e8 (base 16) to base 7
2626
Convert -5242 (base 7) to base 16.
-733
101 (base 4) to base 10
17
-393 (base 16) to base 11
-762
-bee3 (base 16) to base 8
-137343
What is 1b3 (base 14) in base 13?
212
Convert 10110101 (base 2) to base 3.
20201
100141 (base 6) to base 4
1322131
What is -42312 (base 6) in base 13?
-27bc
Convert 3681 (base 16) to base 2.
11011010000001
-4155 (base 8) to base 4
-201231
17d1 (base 16) to base 11
4643
Convert -1100101111111 (base 2) to base 6.
-50115
What is -40415 (base 6) in base 15?
-18ae
Convert -45555 (base 6) to base 9.
-8788
What is -200220 (base 4) in base 12?
-1260
Convert 5948 (base 12) to base 13.
4718
What is -200210002 (base 3) in base 7?
-54626
459 (base 10) to base 2
111001011
Convert c52 (base 15) to base 3.
10210212
Convert -1094 (base 10) to base 5.
-13334
1011101101001 (base 2) to base 7
23321
What is -13034 (base 6) in base 3?
-2200211
Convert -2200230 (base 4) to base 11.
-77aa
-b1b9 (base 13) to base 14
-8cd2
Convert 1513 (base 9) to base 4.
101322
1a8 (base 11) to base 4
3233
Convert 235a (base 11) to base 16.
c12
Convert 7422 (base 9) to base 7.
21611
What is -103253 (base 6) in base 8?
-20521
Convert a2d0 (base 14) to base 12.
14266
Convert -1302322 (base 4) to base 8.
-16272
Convert -4b2a (base 16) to base 13.
-89b2
What is 13015 (base 11) in base 7?
105242
9bb7 (base 12) to base 3
212200211
Convert -968 (base 11) to base 3.
-1121002
77762 (base 8) to base 10
32754
Convert -12100 (base 5) to base 8.
-1604
47053 (base 10) to base 8
133715
Convert 590 (base 12) to base 14.
432
6081 (base 9) to base 14
1899
-43222 (base 5) to base 16
-b79
-101011100111011 (base 2) to base 6
-251215
Convert 2336 (base 10) to base 16.
920
Convert 102312 (base 5) to base 8.
6601
136741 (base 8) to base 4
23313201
What is 435660 (base 7) in base 14?
1dc30
What is -30560 (base 9) in base 15?
-5e7c
-43c (base 16) to base 4
-100330
Convert -6e0b (base 16) to base 15.
-8531
Convert -1044012 (base 5) to base 11.
-12aa9
-144054 (base 7) to base 10
-27822
Convert -21231 (base 7) to base 16.
-1491
Convert -15156 (base 7) to base 8.
-10156
Convert 9296 (base 16) to base 14.
d966
What is 336 (base 9) in base 11?
231
What is -26580 (base 9) in base 6?
-215113
What is 3020 (base 5) in base 10?
385
-4032413 (base 5) to base 10
-64733
Convert 3cd (base 14) to base 3.
1001111
1649 (base 11) to base 7
6103
Convert -b3a (base 14) to base 16.
-8a0
-630 (base 16) to base 13
-94b
Convert 14772 (base 10) to base 4.
3212310
What is 3161 (base 9) in base 12?
1417
Convert -39a (base 16) to base 12.
-64a
Convert 643 (base 12) to base 5.
12130
Convert -8aca (base 13) to base 3.
-222122201
Convert 44a (base 12) to base 11.
527
3662 (base 8) to base 3
2200222
Convert -2123 (base 5) to base 6.
-1200
What is -769 (base 14) in base 15?
-67a
-c6a (base 15) to base 3
-10211201
What is 21a (base 12) in base 16?
136
What is 1c3 (base 13) in base 9?
404
1000 (base 9) to base 13
441
Convert 103453 (base 6) to base 11.
650a
What is -a793 (base 11) in base 6?
-150003
Convert -2033121 (base 4) to base 11.
-6993
What is 342 (base 13) in base 3?
202210
580 (base 11) to base 13
414
Convert 332503 (base 6) to base 2.
110110010110111
172b (base